96202 a prime number?
False
Is 2485711 a prime number?
False
Is 200693643 a composite number?
True
Is 14579159 a prime number?
False
Is 170345801 composite?
False
Is 201473 a prime number?
True
Is 63191 a prime number?
False
Is 1037741 prime?
True
Is 11781647 a prime number?
True
Is 4514729 composite?
False
Is 1033751 a composite number?
False
Is 151552237 a prime number?
False
Is 49814237 a composite number?
True
Is 4170261 composite?
True
Is 156331741 a composite number?
False
Is 1414081 composite?
False
Is 29127493 a composite number?
True
Is 12698159 composite?
False
Is 5843867 composite?
True
Is 1599317 a prime number?
False
Is 205042307 a composite number?
False
Is 24924197 composite?
False
Is 47773478 composite?
True
Is 4579943 prime?
False
Is 25156559 prime?
False
Is 8849311 a prime number?
False
Is 12228646 a composite number?
True
Is 34324247 a composite number?
True
Is 150676169 composite?
True
Is 911719 a composite number?
False
Is 8860777 a composite number?
True
Is 3883873 a composite number?
True
Is 131575207 composite?
False
Is 60522419 composite?
False
Is 2702821 a composite number?
True
Is 69360319 composite?
True
Is 186129421 prime?
True
Is 255383507 a composite number?
True
Is 79812247 composite?
False
Is 1061581 prime?
False
Is 7805218 a prime number?
False
Is 208266349 a prime number?
True
Is 14123337 composite?
True
Is 4677349 a prime number?
False
Is 3610669 composite?
False
Is 819061 composite?
False
Is 1742797 composite?
True
Is 62555693 a prime number?
False
Is 6136751 a prime number?
True
Is 3440218 a prime number?
False
Is 54029869 a composite number?
True
Is 4331009 composite?
False
Is 108735139 a composite number?
True
Is 2838161 prime?
False
Is 27963919 prime?
False
Is 9486922 a prime number?
False
Is 62677627 prime?
False
Is 4176293 a prime number?
False
Is 2739181 a prime number?
True
Is 197560607 prime?
True
Is 3086211 prime?
False
Is 62005561 a prime number?
True
Is 5037961 a prime number?
True
Is 7554467 a composite number?
False
Is 16472143 a composite number?
False
Is 2918633 a composite number?
True
Is 61205531 a composite number?
True
Is 44135389 prime?
True
Is 2109301 a prime number?
False
Is 295663 prime?
True
Is 3861001 a composite number?
True
Is 95625107 a prime number?
False
Is 97745497 a composite number?
False
Is 23489171 prime?
True
Is 17704591 a prime number?
True
Is 7777967 composite?
False
Is 30044765 a composite number?
True
Is 674631413 prime?
False
Is 101574149 a composite number?
False
Is 91090843 prime?
True
Is 8248801 composite?
True
Is 203063 prime?
False
Is 36876783 prime?
False
Is 2995654049 a prime number?
True
Is 152065495 prime?
False
Is 73505513 prime?
False
Is 122040329 composite?
False
Is 6788179 composite?
False
Is 4643789 a composite number?
False
Is 695122291 prime?
True
Is 8362105 a prime number?
False
Is 3360655 a composite number?
True
Is 19062223 a composite number?
True
Is 29440009 a composite number?
True
Is 110707841 a composite number?
False
Is 11206423 a composite number?
False
Is 13030679 a prime number?
True
Is 33940963 a prime number?
False
Is 1654079 composite?
True
Is 2394463 composite?
True
Is 23162189 a prime number?
True
Is 405851219 a prime number?
True
Is 4751261 a composite number?
False
Is 186419 composite?
False
Is 8606671 prime?
False
Is 85802191 composite?
False
Is 3818203 composite?
True
Is 705389 a prime number?
True
Is 3425609 prime?
False
Is 3103999 prime?
False
Is 39471769 prime?
True
Is 2964479 composite?
True
Is 22386157 composite?
False
Is 167541503 a prime number?
True
Is 29958967 prime?
True
Is 13690211 a composite number?
True
Is 110135093 a prime number?
True
Is 20370367 a composite number?
False
Is 3035719 prime?
False
Is 31216391 composite?
False
Is 90008211 a prime number?
False
Is 1689353 composite?
False
Is 30147049 composite?
False
Is 1301497 prime?
True
Is 35585959 a prime number?
False
Is 13669813 prime?
False
Is 2924147 a composite number?
True
Is 268932127 prime?
False
Is 1114471 a composite number?
False
Is 410605253 a composite number?
False
Is 3673253 a prime number?
True
Is 38512766 composite?
True
Is 4680497 a composite number?
False
Is 47676683 composite?
True
Is 4417397 composite?
False
Is 22687747 prime?
True
Is 1529573 prime?
True
Is 10869791 a prime number?
True
Is 590563483 a composite number?
False
Is 62641307 a composite number?
True
Is 30781549 composite?
False
Is 4801573 prime?
False
Is 47306197 a composite number?
False
Is 1337071 prime?
True
Is 177379019 a composite number?
False
Is 63465667 prime?
True
Is 303972497 a composite number?
False
Is 5304023 a composite number?
True
Is 49685263 a composite number?
False
Is 153904847 composite?
False
Is 29253613 a composite number?
False
Is 1225201 a composite number?
True
Is 20845327 composite?
False
Is 23829797 a composite number?
True
Is 424573 composite?
False
Is 93770707 prime?
True
Is 20624239 a prime number?
True
Is 6775733 a prime number?
True
Is 2821351 a composite number?
True
Is 5457721 prime?
False
Is 994919 composite?
True
Is 5344921 a prime number?
False
Is 194757539 a prime number?
True
Is 6551779 prime?
False
Is 623872321 a composite number?
False
Is 2060018569 prime?
False
Is 2781577 a prime number?
True
Is 387298 prime?
False
Is 135914281 a prime number?
False
Is 11070681 prime?
False
Is 3174401 prime?
True
Is 40561651 a composite number?
True
Is 8114969 composite?
True
Is 19715947 composite?
True
Is 259918258 prime?
False
Is 17434727 prime?
True
Is 9717493 prime?
False
Is 58370929 composite?
False
Is 11559407 a prime number?
True
Is 711101662 a composite number?
True
Is 5219707 a composite number?
True
Is 5754199 a composite number?
True
Is 5474341 prime?
True
Is 2661359 composite?
True
Is 37129441 a prime number?
False
Is 2597233 prime?
True
Is 35826391 a prime number?
True
Is 84136973 a prime number?
True
Is 30240401 composite?
False
Is 53959 a composite number?
False
Is 16774481 composite?
False
Is 24880855 prime?
False
Is 255793 composite?
True
Is 161815213 a composite number?
True
Is 1676641 a composite number?
False
Is 241079 composite?
False
Is 7522363 a composite number?
False
Is 341691179 composite?
False
Is 560118539 a composite number?
False
Is 56754151 a composite number?
False
Is 5637211 composite?
True
Is 5980082 prime?
False
Is 79322171 a prime number?
False
Is 19419373 a prime number?
True
Is 1964849 composite?
False
Is 23728451 composite?
True
Is 59503781 a prime number?
True
Is 78415949 a prime number?
False
Is 7010121 a composite number?
True
Is 4005613 composite?
False
Is 10952869 a prime number?
True
Is 57891433 prime?
True
Is 761429 a prime number?
True
Is 17089753 composite?
True
Is 12662401 prime?
True
Is 6186029 a prime number?
True
Is 25446679 a prime number?
False
Is 48819401 prime?
True
Is 251033 composite?
False
Is 482281 composite?
False
Is 7179647 composite?
False
Is 31545946 a composite number?
True
Is 8087797 a prime number?
True
Is 22777649 a prime number?
True
Is 13792783 prime?
False
Is 8219129 a composite number?
True
Is 128836919 a composite number?
True
Is 7625939 a composite number?
False
Is 5640521 prime?
False
Is 2443781 a prime number?
True
Is 6857741 a prime number?
False
Is 91719577 a composite number?
True
Is 540229 prime?
False
Is 222214571 prime?
False
Is 626239 composite?
False
Is 23509753 a composite number?
True
Is 1231536367 prime?
False
Is 1539085315 prime?
False
Is 467249 composite?
True
Is 3208607 a composite number?
False
Is 8407103 composite?
True
Is 7595969 prime?
True
Is 107168011 a composite number?
False
Is 102737611 prime?
False
Is 22434211 a prime number?
False
Is 29368574 a composite number?
True
Is 48631 a composite number?
True
Is 4411333 a prime number?
True
Is 205967 a prime number?
True
Is 979886899 composite?
False
Is 90674641 a composite number?
False
Is 161819 composite?
True
Is 764371 a composite number?
True
Is 136213633 prime?
True
Is 736781 prime?
False
Is 339033 a composite number?
True
Is 105505249 a composite number?
False
Is 2567477 a composite number?
True
Is 4798663 prime?
False
Is 28877 prime?
False
Is 456835 a prime number?
False
Is 20086063 a composite number?
True
Is 2217101 a composite number?
False
Is 12038861 prime?
True
Is 85344433 prime?
False
Is 799061 pr